ite number?
True
Is 693857 composite?
True
Is 192287 a composite number?
True
Is 18762673 a prime number?
False
Is 9770083 a prime number?
True
Is 4435279 prime?
True
Is 112544323 composite?
False
Is 56157199 a prime number?
False
Is 199485059 a prime number?
False
Is 23690543 a composite number?
False
Is 126441191 a prime number?
True
Is 59531317 a prime number?
False
Is 145050127 prime?
False
Is 524791 composite?
True
Is 40473893 a composite number?
True
Is 35567139 composite?
True
Is 13810183 a prime number?
False
Is 89937829 composite?
False
Is 532417 a composite number?
False
Is 13093627 a prime number?
False
Is 122158697 a prime number?
True
Is 1136419 a composite number?
True
Is 2318981 a prime number?
False
Is 19223899 prime?
False
Is 1108423 prime?
True
Is 81161 a prime number?
False
Is 516125629 prime?
False
Is 13491799 a prime number?
False
Is 240605609 composite?
False
Is 15436627 composite?
False
Is 19839019 composite?
True
Is 1402081 prime?
True
Is 17963733 prime?
False
Is 13349333 a composite number?
True
Is 20898877 a composite number?
True
Is 3435959 prime?
True
Is 948782771 composite?
False
Is 3206981 prime?
False
Is 279673049 a composite number?
True
Is 784801 prime?
False
Is 32186749 prime?
False
Is 403568767 a composite number?
True
Is 4323217 prime?
True
Is 144797 a prime number?
False
Is 59936291 composite?
False
Is 5469466 a prime number?
False
Is 55359379 a prime number?
True
Is 30588141 a composite number?
True
Is 186501097 composite?
False
Is 26007547 a prime number?
True
Is 6605315 prime?
False
Is 368939 a composite number?
False
Is 83622967 a composite number?
True
Is 1776779 a prime number?
True
Is 359675846 a composite number?
True
Is 10351907 a composite number?
True
Is 6173087 a composite number?
True
Is 30615547 prime?
True
Is 7458329 composite?
True
Is 6770851 a composite number?
False
Is 82259414 a composite number?
True
Is 30856583 a composite number?
True
Is 41084531 a prime number?
True
Is 78353533 prime?
True
Is 17027657 a composite number?
False
Is 2383019 prime?
True
Is 235273 a composite number?
False
Is 4134023 a prime number?
True
Is 1166957 a prime number?
False
Is 98684951 composite?
True
Is 11506357 composite?
True
Is 81889837 a composite number?
True
Is 130069981 composite?
True
Is 30145735 a prime number?
False
Is 697214123 a prime number?
False
Is 55580887 composite?
False
Is 12486133 prime?
False
Is 70323311 prime?
True
Is 2701471 composite?
False
Is 61133203 a prime number?
False
Is 3975899 a composite number?
True
Is 1066919 a composite number?
True
Is 73081439 a prime number?
True
Is 331141 a prime number?
True
Is 312451 a prime number?
True
Is 11502143 composite?
False
Is 3604193 a prime number?
False
Is 3958573 a prime number?
False
Is 15368883 composite?
True
Is 11709961 a prime number?
True
Is 2337623 a prime number?
False
Is 144822219 a prime number?
False
Is 2257963 a prime number?
False
Is 33100517 a prime number?
False
Is 78318091 composite?
True
Is 1492261 a prime number?
True
Is 34268731 composite?
True
Is 189929023 a prime number?
False
Is 3669397 prime?
False
Is 24867749 prime?
True
Is 418976017 composite?
False
Is 4318079 a prime number?
False
Is 32720491 a prime number?
True
Is 4836445 a composite number?
True
Is 108487453 a prime number?
False
Is 18513743 prime?
True
Is 41566177 composite?
True
Is 14167991 composite?
True
Is 265359617 a composite number?
True
Is 996689 prime?
True
Is 15945109 composite?
True
Is 270222917 prime?
False
Is 2381077 composite?
False
Is 585799 composite?
False
Is 1762393 composite?
True
Is 23699449 a prime number?
True
Is 1390241 prime?
True
Is 23244511 a composite number?
True
Is 144701647 prime?
True
Is 21517 prime?
True
Is 68535737 a prime number?
True
Is 45716339 composite?
False
Is 909749 a prime number?
False
Is 726337 prime?
True
Is 74484381 a composite number?
True
Is 15026957 a composite number?
True
Is 153973 prime?
False
Is 193842607 composite?
True
Is 1324171 prime?
True
Is 25561297 a composite number?
False
Is 1633081 composite?
False
Is 323641 prime?
True
Is 12471713 prime?
False
Is 109244153 a composite number?
True
Is 9512263 a prime number?
True
Is 895927 a composite number?
False
Is 17215073 a composite number?
False
Is 3398887 prime?
False
Is 1204428929 prime?
False
Is 336861442 a composite number?
True
Is 2627371 composite?
True
Is 16255339 a prime number?
False
Is 109173587 a prime number?
False
Is 19286807 prime?
True
Is 5024389 composite?
False
Is 56098903 prime?
False
Is 6867359 a prime number?
False
Is 760339 a prime number?
False
Is 7895779 composite?
True
Is 34790389 a prime number?
True
Is 5403953 a prime number?
False
Is 1990441 a composite number?
False
Is 1323811 a prime number?
False
Is 80658385 prime?
False
Is 14674801 a composite number?
False
Is 201677405 a prime number?
False
Is 40752527 a prime number?
False
Is 103652663 a composite number?
False
Is 1876109 composite?
False
Is 149821358 a composite number?
True
Is 26910374 a prime number?
False
Is 8294327 a prime number?
False
Is 30045209 a prime number?
True
Is 751943 a prime number?
True
Is 504733 prime?
False
Is 8229017 a prime number?
True
Is 451747973 prime?
False
Is 78411253 a prime number?
True
Is 15016601 composite?
False
Is 6201571 composite?
False
Is 112731317 composite?
False
Is 389847137 a composite number?
False
Is 7562897 prime?
True
Is 956481217 composite?
True
Is 18366503 composite?
True
Is 2572171 a prime number?
False
Is 6748754 a prime number?
False
Is 2851816061 a composite number?
False
Is 16322693 prime?
True
Is 261974137 a prime number?
True
Is 1868983 a composite number?
False
Is 42737 a composite number?
False
Is 13542733 composite?
True
Is 160726379 prime?
False
Is 23728867 a prime number?
True
Is 119309501 a prime number?
False
Is 10265026 a composite number?
True
Is 17937713 a composite number?
False
Is 311380169 prime?
True
Is 87938863 composite?
True
Is 15057037 a composite number?
False
Is 13843751 a composite number?
False
Is 3130733 prime?
True
Is 97499 a prime number?
True
Is 6989627 composite?
False
Is 1712047 composite?
False
Is 17203 a composite number?
False
Is 113750453 a composite number?
True
Is 527610983 a prime number?
False
Is 35671861 prime?
True
Is 23992027 prime?
True
Is 1397599 a composite number?
True
Is 14113991 a composite number?
False
Is 711119 prime?
False
Is 555738193 a prime number?
True
Is 251723 composite?
True
Is 568745 a composite number?
True
Is 403945 composite?
True
Is 685961 a prime number?
False
Is 383754659 composite?
False
Is 96819553 a prime number?
False
Is 44659033 a prime number?
True
Is 563060962 a prime number?
False
Is 145689 a composite number?
True
Is 6450641 composite?
False
Is 11955019 prime?
False
Is 76175359 a composite number?
True
Is 30461339 a prime number?
False
Is 46729831 a prime number?
True
Is 303319127 prime?
False
Is 6852421 composite?
False
Is 768876917 a composite number?
True
Is 108569921 composite?
False
Is 372947 a composite number?
True
Is 1377991 composite?
True
Is 16999259 a composite number?
False
Is 3668873 a prime number?
False
Is 16238503 prime?
True
Is 87327502 a prime number?
False
Is 130027847 a prime number?
True
Is 3183209 prime?
False
Is 2678519 composite?
False
Is 321783383 a prime number?
False
Is 631667 a prime number?
True
Is 30200227 composite?
False
Is 2303285 prime?
False
Is 11689853 a prime number?
False
Is 9476755 a composite number?
True
Is 672703 a prime number?
True
Is 267610741 prime?
True
Is 7594751 composite?
False
Is 31489817 a composite number?
False
Is 1962223 prime?
False
Is 3874513 composite?
False
Is 2616071 a composite number?
False
Is 117644749 a prime number?
True
Is 6959369 a prime number?
True
Is 25659619 a prime number?
True
Is 3124549 a composite number?
True
Is 11747794 prime?
False
Is 4744517 a prime number?
False
Is 355777321 composite?
False
Is 138132659 prime?
False
Is 35724971 composite?
True
Is 6226249 composite?
True
Is 9961727 a composite number?
True
Is 56274019 a composite number?
True
Is 39292691 a prime number?
True
Is 46763495 a composite number?
True
Is 2460283 prime?
False
Is 9254017 composite?
True
Is 30213073 a prime number?
False
Is 54512807 composite?
False
Is 25210067 composite?
False
Is 180039005 prim